d g.
4
Let k(y) = y + 10. Let p be k(-5). Let m = 3 + p. Let x be ((-36)/(-4))/((-3)/(-8)). What is the greatest common factor of x and m?
8
Let t = 1874 + -1834. What is the greatest common factor of t and 70?
10
Let c = -589 + 874. What is the greatest common divisor of c and 15?
15
Let n be 302/14 - 6/(-14). Suppose 17 = i + 5*y, 10 + 14 = i - 2*y. What is the greatest common factor of n and i?
22
Let u be ((-19)/((-57)/120))/(1/1). Let i = u + -21. Calculate the highest common divisor of 171 and i.
19
Let f(a) = 3*a - 37. Let o be f(26). Suppose -149 = -4*j - o. Calculate the greatest common factor of j and 45.
9
Let c be -2 + 1 - 5*-22. Let z = c - 63. What is the highest common factor of z and 115?
23
Let d = -8 + 14. Let i(l) = l + 35. Let t be i(-20). What is the greatest common divisor of t and d?
3
Suppose 17*l + 198 = 19*l. What is the greatest common factor of l and 396?
99
Suppose 0*m = 4*m - 120. Suppose p + 4 = t - 0, 0 = 4*t + 4*p - 16. Let y be (-30)/4*(-6 + t). Calculate the highest common divisor of m and y.
15
Suppose -4*a - 2*q + 348 = 0, 0 = 5*a + 3*q - q - 435. Calculate the greatest common divisor of 29 and a.
29
Let q(d) = 3*d - 27. Let m be q(11). Let v = 8 - m. Suppose 5*y - v*y - 15 = 0. What is the greatest common factor of 1 and y?
1
Let r be ((-1376)/(-14))/4 + 88/(-154). Calculate the highest common factor of 39 and r.
3
Let f be ((-12)/(-9))/((-104)/(-2574)). What is the greatest common divisor of 264 and f?
33
Let x(y) = 3*y + 4. Let m be x(-6). Let a = m - -11. Let p be a/(-5) + 378/45. What is the greatest common factor of p and 72?
9
Let h(a) = 2*a**3 - 4*a**2 + 4. Let l be h(2). Suppose 17 + 49 = 3*y + 3*r, -l*r - 32 = -2*y. Calculate the greatest common factor of y and 140.
20
Let x be 3*(1 - ((-7)/3 + 3)). Suppose h - 5*y - 31 = 0, 0 = -5*y - 9 - 6. Calculate the highest common divisor of h and x.
1
Let n = 0 - 4. Let a be (-1)/n + (-3018)/(-24). Suppose 3*v = 117 + a. Calculate the greatest common divisor of 9 and v.
9
Let l(s) = -8*s - 14. Let u be l(-10). Let w(d) = 2*d**3 - 20*d**2 + 3*d - 8. Let y be w(10). What is the highest common factor of u and y?
22
Let t be 153 - 27/(-6)*6/(-9). What is the highest common factor of 6 and t?
6
Suppose -2*j + 14*m - 12*m = 0, 21 = 3*j + 4*m. Let u = 15 + 9. Calculate the highest common divisor of j and u.
3
Suppose 4*b - 1 = 11. Suppose -p + 24 = 3*r + 2*p, 0 = 3*p + 15. Suppose j - b*v - r = -0, 2*j + 5*v = 4. What is the greatest common divisor of 7 and j?
7
Suppose -4*n - 92 = -4*g, -n + 59 = 2*g + 28. What is the highest common factor of g and 324?
18
Let a(d) = -d**3 + 7*d**2 + 11*d - 5. Let y be a(8). Let r be (-19)/((39/(-78))/(2/4)). Calculate the greatest common factor of r and y.
19
Let g = 598 + -446. Calculate the highest common factor of g and 836.
76
Let y(g) = 5*g + 155. Let l be y(-25). Calculate the highest common factor of l and 15.
15
Let b(i) = 3*i**2 - 7*i + 9. Let t be b(2). Suppose 3*z - t = 32. Calculate the highest common divisor of 13 and z.
13
Let f(p) = -9*p**2 + 53*p - 5. Let z(k) = -3*k**2 + 17*k - 2. Let b(q) = -4*f(q) + 11*z(q). Let t be b(10). What is the highest common factor of 432 and t?
48
Suppose 5*r - 446 - 939 = 0. Let y = r + -148. Let j = 227 - y. What is the greatest common divisor of j and 14?
14
Suppose -12 = -5*x - x. Suppose 3*q + q - 240 = -x*p, -p + 114 = -q. What is the greatest common factor of 29 and p?
29
Let c(o) = -o**2 - 13*o + 30. Let v be c(-15). Let l be (v + 3/(-6))*-8*4. What is the greatest common factor of l and 40?
8
Let z = -1044 + 1251. Calculate the highest common divisor of 45 and z.
9
Suppose 48 = 4*i - 3*n - n, 4*i - n = 57. Suppose -3*l - 4*c - 5 = 0, 5*l - 2 = 2*c + 7. Let f = 4 + l. What is the highest common divisor of i and f?
5
Suppose -2*n - 88 = -6*n. Let z be (-2)/14 + 60/56*2. Suppose -2*h + 6 = 0, 5*g - h + z = 3*h. What is the greatest common divisor of n and g?
2
Let u be (-2*(-41 + -3))/1. Suppose -6*d + 55 - 7 = 0. Calculate the highest common divisor of u and d.
8
Suppose 15 = 2*w + 3*w, 5*k = -2*w + 36. Let h be -2*(-4)/(k + -2). Calculate the greatest common divisor of h and 5.
1
Let c(k) = -5*k**3 - 3*k**2 - 2*k + 18. Let z be c(-5). Calculate the greatest common factor of 85 and z.
17
Let q(f) be the third derivative of 3*f**4/2 - f**3/6 + 16*f**2. Let k be q(1). Calculate the greatest common divisor of 5 and k.
5
Let k be 2/16 - (-155)/40. Suppose k*m - 13 = 19. Suppose -4*s - 5*f = -m, 5*s - f + 1 - 11 = 0. Calculate the highest common divisor of 8 and s.
2
Suppose -5*n - 3*j = -387, 4*n - j = 197 + 99. Suppose 3*g = -3*q + 75, -2*q = -g - 0*q + 40. What is the greatest common factor of n and g?
15
Let w(u) = -u**3 + u**2 - u + 21. Let t be (-27)/(-63) + (-6)/14. Let j be w(t). What is the highest common factor of 3 and j?
3
Let s be (1 - 1) + (1 - 5) + 21. Calculate the highest common divisor of s and 697.
17
Let j = 241 + -199. What is the highest common factor of j and 231?
21
Let l = -10 - -15. Suppose 2*s + 3*c = l*s - 69, -4*s = 5*c - 83. What is the greatest common divisor of 110 and s?
22
Let h be 2*(0 + -2)/2. Let y be ((-72)/15)/h*5. Suppose 2*j + 5*i = 40, -2*j = -5*i - 11 - 69. What is the highest common divisor of y and j?
6
Suppose 388 = -7*t + 10. Let g = t + 64. Suppose -8*a - i = -3*a - 249, 2*a - 104 = 4*i. What is the greatest common divisor of a and g?
10
Let w = -11 + -50. Let i be -4 + 7 + -2 + 34. Let x be (1 + w)*i/(-28). What is the highest common divisor of x and 15?
15
Suppose -4*f = -f - 4*q - 18, -5*f + 3*q + 30 = 0. Suppose -398 = -2*u + 4*g, -782 = 2*u - f*u + g. Calculate the greatest common divisor of 15 and u.
15
Let w = -2299 - -2345. What is the highest common factor of 3358 and w?
46
Let b be 56/6 - (-2)/3. Let s = -26 - -48. Let v = s - 20. What is the greatest common divisor of b and v?
2
Suppose -3*z - 8*z + 3179 = 0. What is the highest common divisor of 238 and z?
17
Let x be (2 + 68)/7*418/5. What is the highest common factor of 44 and x?
44
Let l be (70/(-15))/((-4)/6). Let u = l + -2. What is the highest common factor of u and 15?
5
Suppose -c - 9 = 4*b + 8, -b = 5. Let z be 6/(-2) - -12*c. Let s = 353 + -221. What is the greatest common factor of s and z?
33
Suppose 0 = 3*k + 32 - 26. Let t be ((-7)/(-2))/(k/(-140)). Calculate the highest common factor of 35 and t.
35
Suppose -2*a = -10*a - 616. Let k be (a/7)/(0 + 1/(-42)). Calculate the greatest common factor of k and 42.
42
Suppose -340 = -213*m + 203*m. Calculate the highest common divisor of 340 and m.
34
Suppose 66*h + 4 = 68*h. Let k be 49 + 1 - (-8 + 5 + h). Suppose 2*t - 3*z = -z + 44, -5*t - 4*z + 65 = 0. Calculate the highest common factor of t and k.
17
Let v = 170 + -135. What is the greatest common divisor of 455 and v?
35
Let m(x) = -x**2 + 2*x + 2. Let c be (8/(-2) - -4)/1. Let g be m(c). Suppose 18 - g = 2*r. What is the greatest common divisor of r and 8?
8
Suppose -4*o = -v - 192, -31 = -5*o - 3*v + 209. Suppose o = -89*p + 92*p. Let l = 101 + -69. What is the greatest common factor of l and p?
16
Let f be (-18)/(-63) + 75/7. Suppose 0 = -0*p - 2*p + 4*j + 46, -5*j = p - 58. Calculate the highest common factor of p and f.
11
Suppose 0 = 2*b - g - 61, 2*b - 74 - 7 = 5*g. Calculate the highest common factor of 469 and b.
7
Let q = -120 + 132. Calculate the greatest common divisor of q and 1284.
12
Let l = -22 + 37. Let x(u) = -u**3 + 42*u**2 - 40*u - 26. Let r be x(41). What is the greatest common factor of r and l?
15
Let r(i) be the second derivative of -5*i**3/6 + 11*i**2/2 + i + 31. Let t be r(1). Calculate the highest common divisor of t and 174.
6
Let o be (-7 - 101)*(-3 - -2). Calculate the highest common divisor of 4 and o.
4
Let a = 112 + -165. Let q = -28 - a. Suppose -3*k - 15 = 2*k, 4*k = r - q. What is the greatest common divisor of 13 and r?
13
Let m(t) = 8*t - 3*t - 3*t. Let c be m(2). Suppose z - c*z + 117 = 0. Calculate the greatest common factor of 26 and z.
13
Let k(v) = 2*v + 17. Let y be k(-9). Let m(w) = -7*w - 3. Let b be m(y). What is the highest common divisor of b and 28?
4
Let i = -508 - -802. Calculate the highest common divisor of 6 and i.
6
Let j(v) = -78*v - 517. Let r be j(-7). Suppose -c - t = 2*c - 607, -2*t + 199 = c. C